/2). Suppose -4*r + 809 = r - 3*j, 4*r - 634 = -g*j. What is the highest common divisor of 10 and r?
10
Let k(d) = d**3 - 7*d**2 + 9*d - 1. Let y be k(6). Suppose -5*q - 3 - y = 0, 3*q - 111 = b. Let v = b - -151. Calculate the highest common factor of v and 42.
14
Suppose 15*o - 7499 = -1874. Let s = o - 345. Let c be 2*(-12)/(-8) + 72. What is the greatest common divisor of c and s?
15
Suppose -4*p = -2*l + 32, -14 = -35*l + 31*l - 2*p. Calculate the greatest common divisor of l and 1662.
6
Let z be 11 + (11 + -4)*-1. Suppose 4*i = i + 21. Suppose -z*f - t = 0, -2*t + 20 = -i*t. Calculate the highest common divisor of 11 and f.
1
Suppose z + 3*v = 11, -159*z = -164*z + 2*v + 72. Calculate the highest common factor of 54 and z.
2
Let w be 1/3 - ((-20)/(-15))/4. Suppose 3*v + v = -j + 184, w = -2*j. What is the greatest common factor of 23 and v?
23
Suppose -u = -5*h - 1178 + 424, -3905 = -5*u - 2*h. Calculate the greatest common divisor of 41 and u.
41
Suppose 0 = 4*n - 50*z + 52*z - 18, 2*n - 2*z = 6. Suppose -23*w = -n*w - 6650. What is the highest common factor of w and 28?
14
Suppose 90*g = 78*g - 180. Let l be -4 + -24*g/20*1. Let c be 334/6 - (-1)/3. What is the highest common factor of l and c?
14
Let y(f) = f**2 - 17*f + 486. Let m be y(30). Calculate the greatest common factor of 228 and m.
12
Suppose -2*h + 7 - 1 = 0. Let j(s) = 40*s - 164. Let f be j(4). Let r(v) = v**2 - 7*v - 41. Let n be r(f). Calculate the greatest common factor of h and n.
3
Let n be 5 - (9/6 - (-2034)/(-36)). Let a(b) = 33*b + 3. Let z be a(4). What is the greatest common divisor of z and n?
15
Let p(t) = t**2 - 10*t + 16. Let h be p(8). Suppose h = -2*n - i - 2*i + 2121, 4*i + 2100 = 2*n. Calculate the greatest common divisor of 11 and n.
11
Let b(n) = -n**2 - 11*n - 26. Let c be b(-4). Suppose 3*l + 4*i = 25, -c*l + 5*i = 10*i - 26. Calculate the greatest common divisor of 15 and l.
3
Let q(h) = -h**3 + 6*h**2 + 17*h - 19. Let d be q(8). Let z be (232/(-2))/((d - -5) + 4). Calculate the greatest common divisor of 145 and z.
29
Suppose 7*s = -2*y + 8*s + 955, 0 = 2*s + 2. What is the highest common factor of y and 1643?
53
Suppose 5*m - 1100 = m. Let q = -5956 - -5967. What is the greatest common divisor of m and q?
11
Let a(l) = -l**2 - l + 13. Let g be a(6). Let f(p) = p**2 + 25*p - 56. Let j be f(g). Calculate the highest common divisor of 165 and j.
15
Let s be 54/(-48) - (-726)/176. What is the highest common divisor of s and 3543?
3
Suppose 3*m = 3*d + 29 + 271, -292 = -3*m - 5*d. What is the greatest common divisor of 5181 and m?
33
Let c(t) = 94*t + 18. Let x be c(-10). Let i = -594 - x. Calculate the highest common divisor of i and 41.
41
Suppose 7957 = 4*d + b, d + 197*b - 202*b = 1963. What is the highest common divisor of 56 and d?
28
Let u be -68 - -63 - (0/2 - 1301). Let y be (1/3)/((-1 - -10)/u). What is the greatest common factor of 9 and y?
3
Suppose 0*b = -3*b - 4*n + 86, 4*b + 3*n - 117 = 0. Let j = -298 - -313. What is the highest common divisor of b and j?
15
Suppose -77132 = -62*f + 42218. Calculate the greatest common divisor of 175 and f.
175
Let v = 242 - 254. Let f be (-18)/v*(-740)/(-45)*3. Calculate the greatest common divisor of 111 and f.
37
Let p(o) = -2*o**3 + 7*o**2 + o + 17. Let d be p(-5). Suppose -4*t + d = 2*c + 123, -5*t = -4*c - 412. What is the highest common factor of t and 64?
16
Let s be (7/(-1) - 0)*(16 - 17). Suppose -87 - 137 = -s*w. Calculate the greatest common factor of w and 48.
16
Let h(r) = r**3 - 6*r**2 - 4*r + 6. Let t be h(7). Let d = -253 + 1070. Let o = d + -628. What is the greatest common factor of t and o?
27
Let f be (-30799)/(-6) - (-43)/(-8 - 250). Calculate the highest common factor of 261 and f.
87
Let d be (3247/105 - (-7)/(-105))/(9/42). Calculate the highest common divisor of 10 and d.
2
Let b = -36 - -28. Let r be (-3)/(-2)*(-4)/(-6). Let q be (r + -4)/(b/32). What is the highest common divisor of q and 12?
12
Suppose -552 = -k + 610. Let b = k + -568. Calculate the highest common factor of b and 54.
54
Let d(q) = 3*q**3 - 8*q**2 - 118*q + 722. Let u be d(6). What is the highest common divisor of 561 and u?
187
Suppose 35*a - 26568 + 88764 = 47*a. Calculate the greatest common factor of a and 71.
71
Let p(k) be the second derivative of 5*k**4/3 - k**3/2 - k**2 + 86*k. Let d be p(-2). What is the greatest common divisor of d and 48?
12
Let q = -38 + 44. Let f be 9/27 - (-38)/(-6). Let i be (-58)/f - (-8)/q. Calculate the greatest common factor of 77 and i.
11
Suppose 1053 = 9*u - 0*u. Let q = u + -108. Calculate the greatest common divisor of 1 and q.
1
Let a(u) = 2*u**3 - u**2 + 11*u - 22. Let l be a(3). Suppose 0 = -14*d + 21*d - l. Calculate the greatest common divisor of d and 172.
4
Let g = 270 + -70. Let c(f) = 384*f + 13560. Let r be c(-35). What is the highest common divisor of r and g?
40
Let w be 3 + -33 - (-3)/(-1). Let t be (42 + -2)/(-4)*w/6. Suppose -4*q = -3*v + t, -v = 2*q - 4 - 1. What is the highest common factor of v and 1?
1
Suppose 5*k + 29 = z, -5*k + 89 = 4*z - 2. Suppose -4*a - 4 = 12, -2*a - 5 = 3*d. Calculate the highest common factor of z and d.
1
Let f(b) = 34*b - 3*b**2 - 3*b**2 + 9*b - b**2. Let d be f(6). Calculate the highest common divisor of 42 and d.
6
Let o be (1/2 - 0) + (-100620)/(-520). Calculate the greatest common divisor of 2 and o.
2
Let h(n) = -5*n - 30. Let o be h(-6). Let w(b) = -b + 4. Let v be w(o). Let l be (-16)/v*8/(-4). What is the greatest common factor of l and 40?
8
Let u = 58 - 29. Let a = u + 17. What is the greatest common divisor of a and 115?
23
Let s be ((-9)/11 - (-80)/(-440)) + 7 + 748. Calculate the greatest common divisor of 39 and s.
13
Let f be -1 - (-5 - (-712)/(-6)*90/120). What is the greatest common factor of f and 527?
31
Let w = -20957 - -20964. Calculate the highest common divisor of w and 15841.
7
Let v(j) = -j**3 + 5*j**2 - 15*j + 49. Let m be v(4). Let a(p) = p**2 + 12*p + 12. Let b be a(-13). Calculate the highest common divisor of m and b.
5
Let k(z) = 2*z**2 + 21*z - 21. Let p be k(-12). Let a(f) = -2 - p*f - f + 5 - 2. Let l be a(-13). What is the greatest common factor of l and 19?
19
Suppose 0 = 8*n - 23 - 377. Suppose -5*w + n = o - 7*w, 52 = o - 4*w. Calculate the highest common divisor of o and 24.
24
Suppose 3*v = 5*x - 15, -2 = 5*x - 17. Suppose v = 7*m - 15*m + 208. Calculate the greatest common factor of m and 286.
26
Let i be 2/(-5) + 2232/30. Let a be ((-66)/(-77))/((6/(-777))/(-2)). What is the greatest common divisor of i and a?
74
Let w be (76/190)/(2/85). Suppose -w*j + 25*j = 96. Suppose 0 = -5*v - 5*g + 235, 3*g = v - 2*v + 45. What is the greatest common factor of j and v?
12
Let m(y) = -747*y + 216. Let x(r) = -107*r + 31. Let p(c) = -4*m(c) + 27*x(c). Let j be p(2). What is the greatest common factor of 9 and j?
9
Suppose 21751 = 5*i - 2*x, 0 = 4*i + 3*x - 2499 - 14888. Suppose -3*o + g + 4540 = 0, 4*o - g - i = 1703. What is the highest common factor of 36 and o?
36
Let q(d) = 44*d**2 - 8. Let w be q(3). Suppose 3*t - 453 = -5*b, 3*b - 7*b + w = -4*t. Let v = b - 86. What is the greatest common factor of v and 28?
7
Let y(m) = -m**2 - 36*m - 173. Let w be y(-11). What is the greatest common divisor of 1938 and w?
102
Suppose 0 = -2*t - 2*q + 54, t + 4*q = -5 + 17. Suppose 3*b + c - 304 = 2*b, -c = -4*b + 1216. Calculate the highest common factor of b and t.
16
Let u be (-57)/(-12) - (-14)/(-8). Suppose -13*q = -8*q - 3*z - 6466, -3882 = -3*q + u*z. What is the highest common factor of q and 68?
68
Suppose -4*c + 4*x + 1249 + 315 = 0, 421 = c + 5*x. Let k = -348 + c. Let a = 5 + 7. What is the greatest common factor of k and a?
12
Let t(m) = m**2 + 62*m + 1008. Let d be t(-28). Calculate the greatest common divisor of d and 592.
8
Let z = -92 + 106. Suppose 455 = -g + z*g. What is the greatest common divisor of g and 595?
35
Let w = 12 + -60. Let m = -44 - w. Suppose -m*n + 30 = -26. What is the greatest common factor of 21 and n?
7
Suppose 28*b - 111824 = -102*b + 31826. Calculate the highest common divisor of b and 425.
85
Let p(m) = m + 7. Let x be p(26). Let y(b) = 17 - 12 - 18*b - 10*b - 16. Let v be y(-11). Calculate the greatest common factor of x and v.
33
Let r(t) = -3*t**3 + 64